2063, 104311
List the prime factors of 7167838943.
107, 571, 117319
What are the prime factors of 46057735?
5, 853, 10799
What are the prime factors of 225033490?
2, 5, 11, 2045759
What are the prime factors of 419224088?
2, 52403011
What are the prime factors of 171954790?
2, 5, 7, 53, 46349
List the prime factors of 1002232725.
3, 5, 13, 1027931
What are the prime factors of 19386553?
173, 112061
What are the prime factors of 937612297?
71, 2131, 6197
List the prime factors of 74638142.
2, 31, 1203841
What are the prime factors of 1842163403?
23, 113, 409, 1733
What are the prime factors of 53978146?
2, 26989073
What are the prime factors of 786868034?
2, 1709, 230213
What are the prime factors of 101602?
2, 37, 1373
What are the prime factors of 4351818518?
2, 2175909259
What are the prime factors of 374041760?
2, 5, 2337761
List the prime factors of 358297116.
2, 3, 829, 36017
List the prime factors of 1275204846.
2, 3, 47, 1693, 2671
What are the prime factors of 198088220?
2, 5, 11, 41, 21961
What are the prime factors of 22018964?
2, 11, 500431
List the prime factors of 165117485.
5, 13, 2540269
What are the prime factors of 17963095?
5, 3592619
List the prime factors of 269220528.
2, 3, 457, 4091
What are the prime factors of 529830516?
2, 3, 44152543
List the prime factors of 1376585356.
2, 2819, 122081
What are the prime factors of 62161434?
2, 3, 883, 3911
What are the prime factors of 1122406684?
2, 7, 19, 683, 3089
List the prime factors of 54129688.
2, 6766211
List the prime factors of 110161349.
110161349
List the prime factors of 662682150.
2, 3, 5, 13, 113279
List the prime factors of 159329652.
2, 3, 13277471
List the prime factors of 29006743.
17, 229, 7451
What are the prime factors of 2048711419?
2048711419
List the prime factors of 337741038.
2, 3, 18763391
List the prime factors of 279324482.
2, 599, 233159
What are the prime factors of 269428523?
7, 13, 2960753
List the prime factors of 56805793.
11, 683, 7561
What are the prime factors of 103003331?
29, 3551839
What are the prime factors of 83840342?
2, 41920171
What are the prime factors of 2557512?
2, 3, 35521
List the prime factors of 2356691208.
2, 3, 251, 391217
What are the prime factors of 44196747?
3, 7, 2104607
List the prime factors of 1601843.
1601843
List the prime factors of 421991.
17, 103, 241
What are the prime factors of 4169038280?
2, 5, 11, 359, 26393
What are the prime factors of 60721140?
2, 3, 5, 83, 89, 137
What are the prime factors of 20059039?
7, 11, 13, 29, 691
What are the prime factors of 44418108?
2, 3, 7, 75541
List the prime factors of 3766366310.
2, 5, 7, 61, 521, 1693
What are the prime factors of 2429060429?
23, 257, 607, 677
What are the prime factors of 27830491?
13, 2140807
What are the prime factors of 65296613?
65296613
What are the prime factors of 11835574?
2, 2131, 2777
List the prime factors of 2736343025.
5, 13, 113, 74509
What are the prime factors of 98943422?
2, 991, 49921
What are the prime factors of 3281213794?
2, 8017, 204641
What are the prime factors of 1128763945?
5, 225752789
List the prime factors of 3889906893.
3, 43, 10051439
List the prime factors of 90932134.
2, 313, 145259
What are the prime factors of 1811592840?
2, 3, 5, 103, 1423
List the prime factors of 234317045.
5, 569, 82361
List the prime factors of 311024298.
2, 3, 13, 587, 6793
List the prime factors of 64879884.
2, 3, 1802219
What are the prime factors of 158981859?
3, 37, 53047
What are the prime factors of 278712991?
59, 4723949
List the prime factors of 2086101981.
3, 14323, 16183
List the prime factors of 31116048.
2, 3, 41, 97, 163
What are the prime factors of 1667008725?
3, 5, 31, 601, 1193
List the prime factors of 130552466.
2, 11, 49043
What are the prime factors of 181529494?
2, 90764747
What are the prime factors of 169447638?
2, 3, 29, 973837
What are the prime factors of 93864530?
2, 5, 9386453
List the prime factors of 82073413.
82073413
List the prime factors of 92588003.
92588003
What are the prime factors of 1383349674?
2, 3, 7, 23, 149, 1373
List the prime factors of 96420777.
3, 4099, 7841
What are the prime factors of 31224186?
2, 3, 7, 247811
List the prime factors of 27263839.
101, 269939
List the prime factors of 38056019.
38056019
List the prime factors of 388008122.
2, 37, 67, 78259
What are the prime factors of 56192274?
2, 3, 31, 100703
List the prime factors of 120222433.
31, 3878143
List the prime factors of 124592741.
7, 13, 195593
What are the prime factors of 6373448960?
2, 5, 73, 68209
What are the prime factors of 180579174?
2, 3, 593, 50753
List the prime factors of 1194067493.
1194067493
List the prime factors of 142785614.
2, 1039, 68713
What are the prime factors of 430443092?
2, 41, 2624653
What are the prime factors of 2519659?
2519659
What are the prime factors of 1604959779?
3, 457, 1170649
What are the prime factors of 735213560?
2, 5, 18380339
What are the prime factors of 2474623?
53, 46691
What are the prime factors of 122753437?
491, 250007
List the prime factors of 20116319.
163, 167, 739
What are the prime factors of 636972244?
2, 43, 3703327
What are the prime factors of 2870635225?
5, 229, 389, 1289
List the prime factors of 5488306315.
5, 1097661263
What are the prime factors of 4697903?
7, 41, 16369
List the prime factors of 2066687518.
2, 7, 17, 59, 147179
What are the prime factors of 187260522?
2, 3, 31, 139, 7243
What are the prime factors of 862201195?
5, 37, 4660547
What are the prime factors of 833808687?
3, 277936229
What are the prime factors of 1513743384?
2, 3, 63072641
What are the prime factors of 4772135401?
11, 433830491
List the prime factors of 5963494.
2, 103, 28949
What are the prime factors of 5281969?
7, 11, 68597
What are the prime factors of 279445033?
7, 47, 191, 4447
What are the prime factors of 21460278?
2, 3, 7, 101, 5059
What are the prime factors of 44745338?
2, 11, 31, 65609
List the prime factors of 333429678.
2, 3, 53, 349507
What are the prime factors of 683939062?
2, 701, 487831
What are the prime factors of 236715149?
11, 23, 179, 5227
What are the prime factors of 989458840?
2, 5, 71, 348401
List the prime factors of 4782919090.
2, 5, 478291909
List the prime factors of 181144925.
5, 13, 557369
What are the prime factors of 38578641?
3, 12859547
What are the prime factors of 17951379?
3, 773, 7741
List the prime factors of 44547140.
2, 5, 11, 17, 43, 277
What are the prime factors of 21420808?
2, 163, 16427
List the prime factors of 493773804.
2, 3, 13715939
List the prime factors of 589421724.
2, 3, 19, 31, 89, 937
What are the prime factors of 29523831?
3, 9841277
What are the prime factors of 3313257977?
821, 4035637
List the prime factors of 639009394.
2, 2269, 140813
List the prime factors of 153365416.
2, 19, 1008983
List the prime factors of 247789360.
2, 5, 7, 13, 101, 337
List the prime factors of 645849451.
13, 2017, 24631
List the prime factors of 1374093904.
2, 85880869
List the prime factors of 900199182.
2, 3, 150033197
What are the prime factors of 3020447404?
2, 13, 19, 1627, 1879
What are the prime factors of 130679968?
2, 4083749
List the prime factors of 3842848.
2, 29, 41, 101
What are the prime factors of 37245610?
2, 5, 89, 41849
List the prime factors of 434711860.
2, 5, 11, 179633
What are the prime factors of 515933642?
2, 7, 59, 89231
List the prime factors of 106626087.
3, 11847343
List the prime factors of 1000102334.
2, 7, 11, 6494171
What are the prime factors of 1330111482?
2, 3, 7, 23, 31, 44417
What are the prime factors of 43571037?
3, 14523679
What are the prime factors of 614746476?
2, 3, 5692097
What are the prime factors of 37966879?
37966879
What are the prime factors of 42962131?
42962131
List the prime factors of 141120829.
941, 149969
What are the prime factors of 68011164?
2, 3, 13, 67, 241
List the prime factors of 1006543237.
7, 173, 831167
What are the prime factors of 370422177?
3, 151, 817709
List the prime factors of 1685659277.
47, 727, 49333
List the prime factors of 16006360.
2, 5, 19, 21061
List the prime factors of 24414218.
2, 1637, 7457
What are the prime factors of 132036903?
3, 773, 18979
List the prime factors of 501947350.
2, 5, 31, 323837
What are the prime factors of 432801586?
2, 7, 157, 19